


{"version":"1.0","provider_name":"Lacombe Avocats","provider_url":"https:\/\/lacombe-avocats.fr\/en\/","title":"In favour of tax stability - Lacombe Avocats","type":"rich","width":600,"height":338,"html":"<blockquote class=\"wp-embedded-content\" data-secret=\"dmBSlkWJVy\"><a href=\"https:\/\/lacombe-avocats.fr\/en\/in-favour-of-tax-stability\/\">In favour of tax stability<\/a><\/blockquote><iframe sandbox=\"allow-scripts\" security=\"restricted\" src=\"https:\/\/lacombe-avocats.fr\/en\/in-favour-of-tax-stability\/embed\/#?secret=dmBSlkWJVy\" width=\"600\" height=\"338\" title=\"&#8220;In favour of tax stability&#8221; &#8212; Lacombe Avocats\" data-secret=\"dmBSlkWJVy\" frameborder=\"0\" marginwidth=\"0\" marginheight=\"0\" scrolling=\"no\" class=\"wp-embedded-content\"><\/iframe><script type=\"text\/javascript\">\n\/* <![CDATA[ *\/\n\/*! This file is auto-generated *\/\n!function(d,l){\"use strict\";l.querySelector&&d.addEventListener&&\"undefined\"!=typeof URL&&(d.wp=d.wp||{},d.wp.receiveEmbedMessage||(d.wp.receiveEmbedMessage=function(e){var t=e.data;if((t||t.secret||t.message||t.value)&&!\/[^a-zA-Z0-9]\/.test(t.secret)){for(var s,r,n,a=l.querySelectorAll('iframe[data-secret=\"'+t.secret+'\"]'),o=l.querySelectorAll('blockquote[data-secret=\"'+t.secret+'\"]'),c=new RegExp(\"^https?:$\",\"i\"),i=0;i<o.length;i++)o[i].style.display=\"none\";for(i=0;i<a.length;i++)s=a[i],e.source===s.contentWindow&&(s.removeAttribute(\"style\"),\"height\"===t.message?(1e3<(r=parseInt(t.value,10))?r=1e3:~~r<200&&(r=200),s.height=r):\"link\"===t.message&&(r=new URL(s.getAttribute(\"src\")),n=new URL(t.value),c.test(n.protocol))&&n.host===r.host&&l.activeElement===s&&(d.top.location.href=t.value))}},d.addEventListener(\"message\",d.wp.receiveEmbedMessage,!1),l.addEventListener(\"DOMContentLoaded\",function(){for(var e,t,s=l.querySelectorAll(\"iframe.wp-embedded-content\"),r=0;r<s.length;r++)(t=(e=s[r]).getAttribute(\"data-secret\"))||(t=Math.random().toString(36).substring(2,12),e.src+=\"#?secret=\"+t,e.setAttribute(\"data-secret\",t)),e.contentWindow.postMessage({message:\"ready\",secret:t},\"*\")},!1)))}(window,document);\n\/\/# sourceURL=https:\/\/lacombe-avocats.fr\/wp-includes\/js\/wp-embed.min.js\n\/* ]]> *\/\n<\/script>\n","thumbnail_url":"https:\/\/lacombe-avocats.fr\/wp-content\/uploads\/2024\/09\/les-echos-logo.jpg","thumbnail_width":1920,"thumbnail_height":1080,"description":"Le Conseil d'\u00c9tat a valid\u00e9 la position exprim\u00e9e en dernier lieu par la doctrine administrative, consistant \u00e0 restreindre le r\u00e9gime de la taxation sur la marge aux seuls cas dans lesquels le bien acquis et le bien revendu conservent la m\u00eame qualification juridique."}

Le Conseil d'État a validé la position exprimée en dernier lieu par la doctrine administrative, consistant à restreindre le régime de la taxation sur la marge aux seuls cas dans lesquels le bien acquis et le bien revendu conservent la même qualification juridique.
